
44
Calculate the remainder when 1342 is divided by 19.
12
What is the remainder when 790 is divided by 15?
10
What is the remainder when 4518 is divided by 34?
30
Calculate the remainder when 2290 is divided by 74.
70
Calculate the remainder when 51 is divided by 13.
12
Calculate the remainder when 16 is divided by 15.
1
Calculate the remainder when 6661 is divided by 68.
65
What is the remainder when 1901 is divided by 188?
21
What is the remainder when 1664 is divided by 37?
36
Calculate the remainder when 415 is divided by 52.
51
What is the remainder when 402 is divided by 81?
78
Calculate the remainder when 494 is divided by 45.
44
What is the remainder when 17 is divided by 10?
7
Calculate the remainder when 183 is divided by 80.
23
What is the remainder when 36 is divided by 28?
8
What is the remainder when 426 is divided by 204?
18
What is the remainder when 842 is divided by 17?
9
Calculate the remainder when 175 is divided by 78.
19
What is the remainder when 10615 is divided by 37?
33
Calculate the remainder when 520 is divided by 18.
16
What is the remainder when 118 is divided by 52?
14
What is the remainder when 7426 is divided by 6?
4
What is the remainder when 454 is divided by 149?
7
Calculate the remainder when 87 is divided by 20.
7
What is the remainder when 184 is divided by 61?
1
Calculate the remainder when 62 is divided by 8.
6
Calculate the remainder when 844 is divided by 419.
6
Calculate the remainder when 349 is divided by 89.
82
Calculate the remainder when 20 is divided by 7.
6
What is the remainder when 146 is divided by 16?
2
What is the remainder when 11486 is divided by 16?
14
What is the remainder when 7123 is divided by 81?
76
What is the remainder when 1359 is divided by 227?
224
What is the remainder when 808 is divided by 156?
28
What is the remainder when 3264 is divided by 47?
21
What is the remainder when 155 is divided by 18?
11
What is the remainder when 465 is divided by 39?
36
Calculate the remainder when 1098 is divided by 100.
98
Calculate the remainder when 836 is divided by 179.
120
Calculate the remainder when 1022 is divided by 63.
14
Calculate the remainder when 369 is divided by 46.
1
What is the remainder when 48 is divided by 23?
2
Calculate the remainder when 10042 is divided by 13.
6
What is the remainder when 316 is divided by 9?
1
Calculate the remainder when 2550 is divided by 69.
66
What is the remainder when 1969 is divided by 19?
12
What is the remainder when 597 is divided by 67?
61
Calculate the remainder when 543 is divided by 34.
33
Calculate the remainder when 611 is divided by 68.
67
Calculate the remainder when 77 is divided by 24.
5
Calculate the remainder when 311 is divided by 101.
8
What is the remainder when 321 is divided by 66?
57
What is the remainder when 1499 is divided by 282?
89
Calculate the remainder when 37 is divided by 6.
1
What is the remainder when 121 is divided by 87?
34
Calculate the remainder when 44 is divided by 3.
2
What is the remainder when 201 is divided by 41?
37
Calculate the remainder when 148 is divided by 73.
2
What is the remainder when 119 is divided by 34?
17
Calculate the remainder when 165 is divided by 53.
6
Calculate the remainder when 192 is divided by 15.
12
Calculate the remainder when 84 is divided by 64.
20
Calculate the remainder when 478 is divided by 37.
34
What is the remainder when 162 is divided by 47?
21
Calculate the remainder when 115 is divided by 59.
56
What is the remainder when 170 is divided by 22?
16
What is the remainder when 597 is divided by 204?
189
Calculate the remainder when 217 is divided by 60.
37
Calculate the remainder when 2012 is divided by 333.
14
What is the remainder when 169 is divided by 5?
4
What is the remainder when 75 is divided by 21?
12
Calculate the remainder when 551 is divided by 142.
125
Calculate the remainder when 35592 is divided by 315.
312
What is the remainder when 538 is divided by 6?
4
What is the remainder when 4596 is divided by 21?
18
Calculate the remainder when 281 is divided by 15.
11
Calculate the remainder when 406 is divided by 176.
54
Calculate the remainder when 1791 is divided by 56.
55
What is the remainder when 212 is divided by 36?
32
Calculate the remainder when 135 is divided by 93.
42
What is the remainder when 551 is divided by 267?
17
What is the remainder when 58 is divided by 47?
11
Calculate the remainder when 5118 is divided by 269.
7
What is the remainder when 264 is divided by 54?
48
Calculate the remainder when 591 is divided by 557.
34
Calculate the remainder when 609 is divided by 7.
0
Calculate the remainder when 82 is divided by 4.
2
What is the remainder when 18492 is divided by 17?
13
What is the remainder when 202 is divided by 4?
2
Calculate the remainder when 357 is divided by 239.
118
Calculate the remainder when 76 is divided by 9.
4
What is the remainder when 128 is divided by 27?
20
Calculate the remainder when 287 is divided by 20.
7
What is the remainder when 1307 is divided by 57?
53
Calculate the remainder when 1529 is divided by 28.
17
Calculate the remainder when 845 is divided by 47.
46
What is the remainder when 1631 is divided by 136?
135
Calculate the remainder when 1007 is divided by 36.
35
Calculate the remainder when 1257 is divided by 127.
114
What is the remainder when 3236 is divided by 15?
11
Calculate the remainder when 1782 is divided by 21.
18
What is the remainder when 209 is divided by 44?
33
What is the remainder when 240 is divided by 5?
0
Calculate the remainder when 117 is divided by 28.
5
What is the remainder when 27 is divided by 10?
7
Calculate the remainder when 220 is divided by 74.
72
What is the remainder when 117 is divided by 47?
23
Calculate the remainder when 1197 is divided by 40.
37
What is the remainder when 1511 is divided by 167?
8
Calculate the remainder when 366 is divided by 31.
25
What is the remainder when 216 is divided by 20?
16
What is the remainder when 109 is divided by 55?
54
What is the remainder when 268 is divided by 92?
84
What is the remainder when 391 is divided by 7?
6
What is the remainder when 47 is divided by 27?
20
What is the remainder when 274 is divided by 46?
44
What is the remainder when 257 is divided by 92?
73
What is the remainder when 3821 is divided by 239?
236
Calculate the remainder when 541 is divided by 46.
35
Calculate the remainder when 19050 is divided by 29.
26
Calculate the remainder when 556 is divided by 56.
52
What is the remainder when 1509 is divided by 84?
81
Calculate the remainder when 109 is divided by 99.
10
Calculate the remainder when 1060 is divided by 5.
0
What is the remainder when 179 is divided by 5?
4
Calculate the remainder when 55 is divided by 32.
23
Calculate the remainder when 1563 is divided by 521.
0
What is the remainder when 163 is divided by 30?
13
What is the remainder when 169 is divided by 75?
19
Calculate the remainder when 563 is divided by 113.
111
What is the remainder when 172 is divided by 32?
12
Calculate the remainder when 3264 is divided by 363.
360
Calculate the remainder when 47 is divided by 15.
2
Calculate the remainder when 1377 is divided by 230.
227
Calculate the remainder when 508 is divided by 5.
3
Calculate the remainder when 1356 is divided by 59.
58
What is the remainder when 184 is divided by 16?
8
Calculate the remainder when 21179 is divided by 15.
14
Calculate the remainder when 27 is divided by 4.
3
Calculate the remainder when 84 is divided by 32.
20
What is the remainder when 359 is divided by 12?
11
Calculate the remainder when 862 is divided by 32.
30
Calculate the remainder when 299 is divided by 16.
11
Calculate the remainder when 1259 is divided by 105.
104
Calculate the remainder when 945 is divided by 186.
15
What is the remainder when 40 is divided by 34?
6
Calculate the remainder when 3571 is divided by 239.
225
Calculate the remainder when 2140 is divided by 19.
12
What is the remainder when 271 is divided by 76?
43
What is the remainder when 96 is divided by 26?
18
Calculate the remainder when 2022 is divided by 81.
78
What is the remainder when 253 is divided by 47?
18
Calculate the remainder when 7654 is divided by 174.
172
Calculate the remainder when 470 is divided by 229.
12
Ca